106)/(-22) - 2/d. Let z(g) = 2*g - 6. Calculate z(w).
4
Let s be 2/(-6) + 23/(-3). Let u(n) be the first derivative of -n**3/3 - 4*n**2 - 4*n - 343. What is u(s)?
-4
Let d = -288 - -199. Let n = d - -96. Let s(p) be the second derivative of p**4/12 - 4*p**3/3 + 2*p**2 - p. Determine s(n).
-3
Let k(a) = a + 8. Let n(y) = -y**2 + 10*y - 30. Let d be n(6). Calculate k(d).
2
Suppose -3*j = -2*k + 3, -2*j - 3*j + 5*k - 10 = 0. Let w be -2 - (1*4)/j. Let t(p) = -1 + 8*p - 8*p - 3*p + 4*p. Determine t(w).
-7
Let r(h) = 2*h - 3. Let p(o) = o. Let w(g) = -p(g) + r(g). Let b be 14*(-184)/(-483) - (-4)/6. Calculate w(b).
3
Let z(o) = -o - 7*o**2 - 5*o + 5*o - 1. Suppose 172 - 170 = -2*u. Determine z(u).
-7
Let a(l) = -l**2 - 6*l - 2. Suppose 5*y + 4*v = -0*y - 59, 2*y + 24 = -2*v. Give a(y).
-57
Let v = -43 + 47. Suppose -6*z + 3*z = -v*a - 6, 0 = -5*a - 15. Let p(h) = h**3 - h + 2. What is p(z)?
-4
Let a(t) = -t**3 + 6*t**2 + 2*t - 46. Let h(n) = -n**3 + 3*n**2 + n - 45. Let d(f) = 5*a(f) - 6*h(f). Determine d(-12).
-8
Let w(m) = -7*m**3 - 2*m**2 + 1. Let x(n) be the first derivative of -2*n**4 - 2*n**3/3 + n - 18. Let q(i) = -3*w(i) + 2*x(i). What is q(1)?
6
Suppose -2 = 6*r + 4. Let j(b) = -b**2 - 9*b + 6. Let c(w) = w - 1. Let p(a) = r*j(a) - 3*c(a). Calculate p(-3).
-12
Let p(x) = -x**3 - 2*x**2 + 10*x + 17. Let a(l) = -2*l**3 - 3*l**2 + 20*l + 36. Let y(t) = 3*a(t) - 7*p(t). What is y(-6)?
13
Let a be (2/(-4))/((-3)/(-36)). Let v(d) = d**3 + 28*d**2 + 28*d + 29. Let k be v(-27). Let y(z) = 23 + 0 - 8 - 4*z - 10 - z**k. What is y(a)?
-7
Let x(u) = 2*u - 14. Let w = 50 + -41. Let r be x(w). Let b(a) = a**3 - 3*a**2 + 2*a - 5. What is b(r)?
19
Let v = 1644 + -1641. Let c(u) = -u**3 + u**2 + 3*u + 1. What is c(v)?
-8
Suppose 973*u = 980*u - 49. Let p(w) = 2*w - 3. What is p(u)?
11
Let o(y) = -17*y**3 + y**2 - 3*y + 37. Let v(p) = -7*p**3 - p + 18. Let n(h) = 2*o(h) - 5*v(h). Give n(0).
-16
Let r(v) = v**3 - v - 1. Let w(n) = -7*n - 15 - 10 + 22 + 6*n**2 + 5*n**3. Let a(j) = -6*r(j) + w(j). What is a(6)?
-3
Suppose q + w + 3 = 2*q, 2*w + 30 = 5*q. Suppose -4*x + 0 - q = 0. Let v(p) = -2*p**2 - 2*p - 1. Calculate v(x).
-5
Let q be ((-550)/(-150))/(2/(-6)*1). Let x(g) = -g**2 - 11*g - 8. What is x(q)?
-8
Suppose 3*n - 2*v + 8 - 25 = 0, -5*n + 30 = -5*v. Let h(k) = 3 - n*k - k - 6 + 0. Give h(-3).
15
Let r(w) = -6*w + 19. Let x(q) = 3*q - 10. Let h(o) = -3*r(o) - 7*x(o). Let j(n) = -2*n + 12. Let v(f) = -3*h(f) + 4*j(f). Calculate v(8).
17
Let j(y) = 9 - 39 + 5 + 20 - y. Give j(4).
-9
Let h(z) = -3*z - 11. Suppose 60*r = 51*r - 81. What is h(r)?
16
Let w be 14/6 + 18/27. Let n(a) = 5 - 9 - w*a + 0*a. Let v = -7 + 3. What is n(v)?
8
Suppose -12 = -z - 3*l, -12 = -5*l + l. Suppose -2*y + 0*y + 14 = 0. Let t = z - y. Let n(p) = -p**2 - 3*p - 3. Give n(t).
-7
Let b(t) = 3*t**2 + 1. Suppose 13 + 3 = -5*v + 3*j, 4*j - 4 = -2*v. Let l(k) = -k - 2. Let x be l(v). Let d be -1 + -1 + x + 3. Calculate b(d).
4
Suppose 0 = 6*a - 4*a + 2. Let x(k) = -6*k + 4 + 5 + k - 10. Calculate x(a).
4
Let p(y) be the first derivative of 3*y**4/2 + y**2 - y + 157. Determine p(1).
7
Let f(u) be the second derivative of u**3/6 - u. Suppose -6*x + 75 = -x. Suppose 0 = -2*m - 2*b - 16, 3*m + x*b - 14*b = -16. Determine f(m).
-4
Let c(b) = b**3 - 7*b**2 - b + 9. Suppose 3 = -3*d, 2*k - 82*d + 79*d = 17. What is c(k)?
2
Let g(d) = d**3 - 6*d**2 + 6*d + 1. Let v be g(5). Let j(q) be the third derivative of q**4/24 - 7*q**3/6 + 11*q**2. What is j(v)?
-1
Let q(v) = 7 + v**3 + 5 - 25 - 2*v + 2*v**2 + 7. Determine q(-4).
-30
Let d(k) be the first derivative of 2*k**3/3 + k**2 - 2*k - 6. Suppose 4*i - 5*j + 8 = 0, 4*j = -3*i + 2*j + 17. Let a be i/(-15) - (-27)/(-15). What is d(a)?
2
Let m(r) be the third derivative of -r**4/24 + 9*r**3/2 + 288*r**2. Calculate m(18).
9
Let p(c) = c**2 - 18*c + 11. Let d be p(17). Let s(r) = r**2 + 10*r + 8. Determine s(d).
-16
Let d(f) = 7*f**2 + 19*f - 13. Let g(v) = -v**2 - 2*v + 1. Let z(r) = -d(r) - 6*g(r). What is z(-7)?
7
Suppose q - 4*q - 12 = 0. Let y(h) = -h**3 - 5*h**2 - 2*h + 1. What is y(q)?
-7
Let x be -2 + -1 + 32*2. Suppose -5*w + 4*v - x = 0, 2*v - 52 = 4*w - 8. Let u(o) = o**2 + 9*o - 6. Determine u(w).
-6
Let j(s) = s**2 - 6. Let f(o) = o**3 + 2*o**2 + 3*o. Let d be f(0). Give j(d).
-6
Let n(z) = z**3 - 5*z**2 + 5*z - 2. Let h(u) = -4*u - 8. Let s be h(-6). Let x(m) = -2*m**3 + 13*m**2 - 6*m - 13. Let k be x(6). Let d = s + k. Give n(d).
-5
Let n(i) = -i**2 - 5*i + 6. Let s(w) = -2*w**2 - 4*w + 8. Let a(b) = 3*n(b) - 2*s(b). Let f = -6 - -7. Let m = f - -5. Give a(m).
-4
Let n(f) = -5*f + 3. Let i(z) = -17*z + 9. Let x(p) = 2*i(p) - 7*n(p). Give x(5).
2
Let x(c) = c**2 + 14*c - 299. Let z be x(12). Let b(l) = -3*l + 35. Calculate b(z).
-4
Let q be (9*2/(-7))/(87/406). Let u(b) = b**3 + 13*b**2 + 13*b + 7. Determine u(q).
-5
Let a be 12 + (-1)/(-1) - ((-48)/(-8))/1. Let d(s) = 2*s - 7*s - 1 + s**2 - 3. What is d(a)?
10
Let p(n) = -2*n + 10. Let o be p(-6). Let w = -20 + o. Let h(d) = -d**3 - 22*d**2 - 1 - d + 0 + 2 + 24*d**w. Determine h(3).
-11
Let b(z) = 4*z + 3 + 0*z + 2 - 4*z**2 + z - 2*z - z**3. Let d(o) = -o**2 - 7*o - 5. Let t be d(-7). Give b(t).
15
Let n(c) = -7*c - 720 + 0*c + 2*c + 719. Give n(-6).
29
Let g(q) = -q**2 - 7*q + 15. Let b = -15 - -6. Let y be g(b). Let n(v) = v**3 + 3*v**2 - 1. Give n(y).
-1
Let v = -2 - -6. Let x = 8 - v. Let k(b) = x*b + 5 + 3 - 4 + 2. Calculate k(-5).
-14
Let u = -183 + 175. Let l(v) = -v**3 - 9*v**2 - 10*v - 7. What is l(u)?
9
Suppose 66 = 2*y + 4*y. Let t be 46/(-6) + 2/(-6). Let n = t + y. Let w(c) = -c**2 + 4*c - 2. Give w(n).
1
Suppose -9 = -z - 2*z. Let y(j) = -2348 - j + 2348 + 2*j**3 - j**2. Let u(m) = 3*m**3 - m**2 - m - 1. Let k(a) = 3*u(a) - 5*y(a). Determine k(z).
-6
Suppose 135*r - 112*r = -115. Let c = 3 + 0. Let d(p) = -4 - 2*p + c*p - 2*p. Give d(r).
1
Let p(q) be the first derivative of -q**4/4 + q**3 - q**2/2 - 3*q + 96. Calculate p(4).
-23
Let x(o) be the first derivative of -o**6/360 + o**5/30 + o**4/12 - 8*o**3/3 + 17. Let f(n) be the third derivative of x(n). What is f(6)?
-10
Let w(t) = 25*t**2 - 8*t - 2. Let r(d) = -24*d**2 + 7*d + 2. Let v(i) = -6*r(i) - 5*w(i). Let x be v(-1). Let b(g) = 3 - 2*g + 6 - x + 8. Calculate b(-6).
10
Let m(x) = 4*x**2 - x. Let b be m(-2). Let k be (-2 - -12)*(-16)/(-20). Let j(y) = -1 - b*y + k*y - y. Calculate j(1).
-12
Suppose 26*c - 22*c - 12 = -4*k, -3*c = -5*k + 7. Let m(h) = 4 + 0*h**2 - 2 + h**2 - 3*h. Calculate m(k).
0
Suppose 219*k = 206*k + 169. Let g(q) = -q**2 + 15*q - 24. Calculate g(k).
2
Let y(k) = -k - 1. Suppose 2*u - 119 = -4*d + 51, 5*u = -2*d + 425. Let v be u/15 + (-2)/3. Let h = -2 + v. What is y(h)?
-4
Let v(f) = 16*f + 4. Let g(i) = 3*i + 1. Let u(q) = -33*g(q) + 6*v(q). Suppose 0 = -9*s + 14 - 68. What is u(s)?
9
Let z be (-20)/(-9) - (-4)/(-18). Let j(v) = v**2 - v - 7. Let p(a) = 2*a**2 - a - 13. Suppose 9*c = -0*c + 63. Let l(t) = c*j(t) - 4*p(t). What is l(z)?
-7
Let k(d) = -14*d. Let u be k(-5). Suppose u = -g + 10. Let i be ((-10)/(-8))/(15/g). Let t(v) = -v**3 - 6*v**2 - 6*v + 6. Give t(i).
11
Let p = -1230 + 1225. Let h(z) = -z**2 - 10*z - 15. What is h(p)?
10
Let o be 2*2/(-4)*-1. Let r be (3 + -3)/o - -3. Let d(z) be the third derivative of -z**4/12 + z**3/6 + 5*z**2. Calculate d(r).
-5
Let t(s) = -s**3 - 14*s**2 + 15*s - 7. Let q be (-1)/(-7) + (-954)/63. What is t(q)?
-7
Let f(s) be the first derivative of -2*s**3/3 - s**2 + 3*s + 45. Give f(-5).
-37
Let b(i) = -i - 20. Let j be b(-14). Let u be (j/9)/((-68)/(-36) - 2). Let n(f) = f. Give n(u).
6
Let b(t) = -13*t**2 + 7*t - 3. Let g(m) = 5*m**2 - m + 1. Let k(o) = -b(o) - 3*g(o). Give k(-3).
-6
Let q(o) = -o**2 + o + 2. Let v be q(0). Let p(x) = -3*x**2 + 4*x**v - 2*x**2 + 2*x. Suppose 7*j = 4*j + 15, 4*j = -t + 17. Determine p(t).
-15
Let w be 2 - (-2 + -6 - -2). Let i(v) = -6*v**3 + 5*v**3 - 2 - 2*v**2 - w*v + 10*v. What is i(-4)?
22
Let b(z) be the first derivative of -1/10*z**5 + 0*z + 1/2*z**2 - 1/6*z**4 - 1/2*z**3 + 3 - 1/120*z**6. Let v(m) be the second derivative of b(m). Give v(-2).
-11
Let q(x) = 4*x**3 + x**3 + 5*x**2 + 4*x + 8*x**3 + 3*x - 14*x**3. Let k = -7 + 5. Let z be 5 + k*(-1)/2. Calculate q(z).
6
Let w be 33/44 - (2/1)/(-8). Suppose 9*t